- 184*u. What is the remainder when 4003 is divided by f?
90
Suppose w = 2*i - 9, 0 = -i + 4*i - w - 16. Let q = 1129 + -1029. Suppose -i*f + 12*f - q = 0. What is the remainder when f is divided by 11?
9
Let j = 8316 + -8281. What is the remainder when 389 is divided by j?
4
Let b = -1558 + 1673. Calculate the remainder when 188 is divided by b.
73
Let m(g) = 3*g + 4*g - 2*g - 8 + 2 - 7*g. Let k = 226 - 116. What is the remainder when k is divided by m(-11)?
14
Suppose 16*b - 20*b = -24, -k + b + 6 = 0. Calculate the remainder when 356 is divided by k.
8
Let d = 69 + -65. Suppose d*u + 198 = 6*u. Let h = 107 - u. Calculate the remainder when 46 is divided by h.
6
Let v(r) = 261*r + 1939. What is the remainder when v(-4) is divided by 57?
40
Let c = -780 - -920. Calculate the remainder when c is divided by 14.
0
Let s = -6626 - -6882. Calculate the remainder when s is divided by 20.
16
Let o(i) = i - 41. Let y(a) = -4*a + 122. Let f(c) = -7*o(c) - 2*y(c). What is the remainder when 155 is divided by f(-4)?
38
What is the remainder when (-2291)/((16 - 15) + -2) is divided by 74?
71
Let x be (-12)/(-15) + (-296)/(-5). Suppose h = 11*h + x. Calculate the remainder when 1 - h - (2 + -2) is divided by 3.
1
Let u be (-2 - (0 + 0)) + (5 - 7). Calculate the remainder when 296 is divided by (7 + (-215)/20)*u.
11
Let c = -70 + 106. Calculate the remainder when (-24)/11 + 2 - (-44650)/550 is divided by c.
9
Let p = 40252 - 31372. What is the remainder when p is divided by 19?
7
Suppose -315 - 217 = -19*f. What is the remainder when 194 is divided by f?
26
Let m(o) = -527*o + 6530. What is the remainder when m(12) is divided by 40?
6
Let h = 1796 - 1559. Calculate the remainder when h is divided by 50.
37
Calculate the remainder when 1804 is divided by 243/18*(-5600)/(-504).
4
Let j = -32370 + 33544. Calculate the remainder when j is divided by 298.
280
Let h be 66676/2 - (-13 + (7 - 0)). What is the remainder when 139 is divided by (-3)/(-27) + (h/(-36))/(-16)?
23
Suppose -15*f - 130424 + 131474 = 0. Suppose -3*n + 980 = 5*l, 0 = 2*l + 5*n - 2*n - 383. What is the remainder when l is divided by f?
59
Let b = 167 + -120. Calculate the remainder when 20/(-30) - (-1356)/9 is divided by b.
9
Let i = 153 - 85. Suppose -2*m + i = 2*t, 4*m - 2*t - 141 = -7*t. Suppose r = -x + 119, -x - 4*x + 585 = 3*r. Calculate the remainder when x is divided by m.
27
Suppose i + 2392 = 9*i. Let d(y) = y**3 - 9*y**2 - 9*y + 10. Let x be d(8). Let w = x + i. What is the remainder when w is divided by 59?
55
Let a(q) = -q**3 + 2*q**2 - 18*q - 6. What is the remainder when a(-5) is divided by 71?
46
Suppose 110*g - 85115 - 80325 = 0. What is the remainder when g is divided by 298?
14
Suppose -5*u - 2*o + 1162 = 0, 24*o - 20*o = u - 250. Let j = 465 - u. What is the remainder when j is divided by 6?
3
Let s = 26469 + -26378. Suppose 0*a + 6 = a. Calculate the remainder when s is divided by a.
1
Suppose 15462*u + 11471 = 15640*u + 613. Suppose -10 = -3*i + 23. Calculate the remainder when u is divided by i.
6
Let z(q) = -q**3 + 40*q**2 - 83*q - 4. Let p be z(38). Let b = -266 - p. Suppose 7 + 7 = 2*h. What is the remainder when h is divided by b?
3
Let a = 219 + -199. Let s = 85 - 74. Calculate the remainder when a is divided by s.
9
Suppose -20*v = -4690 - 4470. Let k = 0 + 5. Suppose k*p + z = 762, p + 2*p + z - v = 0. What is the remainder when p is divided by 31?
28
Let p(f) be the first derivative of 2*f**3/3 - 2*f**2 + 5*f + 26. Let w be p(2). Suppose 115 = -0*g + w*g. Calculate the remainder when 35 is divided by g.
12
Suppose -5*n + 49 + 1 = 0. Let l = 175 - 448. Let d = l - -276. Calculate the remainder when n is divided by d.
1
Suppose 6*h = -45 + 5781. Suppose 0 = -4*r + 5*k + h, -6*r + 2*r = 4*k - 920. What is the remainder when r is divided by 59?
57
Suppose 24 = 13*c - 54. Let r(l) = 2*l**3 + 39*l**2 - 66*l - 40. What is the remainder when r(-21) is divided by c?
5
Suppose -6*o + 304 = 94. Let i = 1172 - 823. What is the remainder when i is divided by o?
34
Let h = 1938 + -1185. What is the remainder when h is divided by 22?
5
Let j(o) be the third derivative of 7/6*o**3 - o**2 + 0*o + 7/24*o**4 + 0. What is the remainder when 136 is divided by j(4)?
31
Let u = 14379 - 10543. What is the remainder when u is divided by 17?
11
Suppose -15*t - 434 = -4*h - 12*t, -4*h + 422 = 3*t. Suppose k - h = -66. Let i = 13 - -1. Calculate the remainder when k is divided by i.
13
Suppose 33*m - 57*m = -1488. What is the remainder when 264 is divided by m?
16
Suppose 10*c - 235 = -25. Calculate the remainder when 5729 is divided by c.
17
Let f = 225 + 18. Suppose 6*d - 3087 = -57*d. What is the remainder when f is divided by d?
47
Let v = 42 - 42. Suppose 6*x - 4*x + 1512 = 5*l, -4*x - 4 = v. Suppose -a = 4*g - l + 95, 2*a = -4*g + 210. What is the remainder when 201 is divided by g?
48
Suppose -s = s + a - 30, -2*a = -s + 20. Suppose 6 + 13 = -i. Let g = i + 29. What is the remainder when s is divided by g?
6
Suppose 0 = 43*x - 62*x - 24*x + 6278. Suppose 0*a = -4*a + 60. What is the remainder when x is divided by a?
11
Suppose -329 = -2*p + c, -3*c - 134 = 4*p - 767. What is the remainder when 329 is divided by p?
5
Let z(o) = -8*o + 40. Let v(p) = 7*p - 38. Let b(x) = 3*v(x) + 2*z(x). What is the remainder when b(16) is divided by 12?
10
Let r(z) = -16 + 13*z + 4*z**2 - 6*z**2 + 22. Calculate the remainder when 203 is divided by r(6).
11
Let q = 7979 - -2207. Calculate the remainder when q is divided by 167.
166
Suppose -5*p = i + 3, -33*p = 3*i - 36*p - 27. What is the remainder when 1147 is divided by i?
6
Let y(f) = -f**3 + 3*f**2 + 19*f + 2. Suppose 6*u + 9*u - 75 = 0. Let p be y(u). Let b = p - -54. Calculate the remainder when b is divided by 6.
5
What is the remainder when (-15238)/(-10) - (-126)/630 is divided by 42?
12
Suppose 0 = -4*z + 2 + 10. Let p(w) = 11*w + 7. Let b = 180 + -102. Calculate the remainder when b is divided by p(z).
38
Let k = 2713 - 2655. What is the remainder when 113 is divided by k?
55
Let u = -21999 - -22141. Calculate the remainder when 1126 is divided by u.
132
Let m = -45 + 75. Let i be ((-8)/((-96)/258))/((-2)/(-4)). Suppose 3*z + 2*t - i = 0, -4*z - 8*t = -6*t - 60. What is the remainder when m is divided by z?
13
Let q be -6 - 1 - 9/(-9). Let y = 40 + -22. Calculate the remainder when q*(-5)/(10/17) is divided by y.
15
Suppose 5*v + 7 = -63. Let z be 2 + (-30)/14 - (-40)/v. What is the remainder when 180 is divided by 74/6 + (-2)/z?
11
Let s be ((-30)/(-42) - 5) + 4/14. Suppose 2*t + 143 = 3*n, -3*n + 0*t + 138 = 3*t. Calculate the remainder when n is divided by 8/s - (-49 - -23).
23
What is the remainder when 355 is divided by 18/15 + (-18040)/(-550)?
15
Let c(y) = 3*y**3 - 2*y**2 + 4*y + 11. What is the remainder when c(4) is divided by 9?
7
Let o = -375 + 387. What is the remainder when 658 is divided by (60/o - -24) + 1 + 0?
28
Let b = 18911 + -18798. What is the remainder when 336 is divided by b?
110
What is the remainder when 151 is divided by (78/(-52))/((-2)/17*1/4)?
49
Suppose 0 = -d - 0 + 1, 3*d = -4*c + 115. Calculate the remainder when 55*(-4)/(-6) - (-3204)/2403 is divided by c.
10
Let j = 5 + 20. Suppose 0*k = 3*k + 2*t - 566, 0 = 5*k + t - 955. Let c = k - 144. What is the remainder when c is divided by j?
23
Calculate the remainder when (57952/432*-3)/((-2)/18) - 3 is divided by 20.
19
Suppose 3*y - 4*y + 5 = 0. Let z = -3385 - -3421. Calculate the remainder when z is divided by y.
1
Let d(o) = -o**2 - 8*o + 9. Let w be (-3)/(-6)*-2 + -173. Let r = w + 321. What is the remainder when r is divided by d(-4)?
22
Suppose -71*t + 5664 = -69*t. Suppose 9*v - 17*v + t = 0. Calculate the remainder when v is divided by 51.
48
Suppose -2*r - 5 = -7*r. Let q(u) = 34*u**3 + 3*u**2 - 3. Suppose -v = -1, 2*v - 8 = -2*s + 6. What is the remainder when q(r) is divided by s?
4
Suppose -5*r = -z - 166, 0*r - z - 30 = -r. What is the remainder when 1/(-14)*-694 + (1 - 22/14) is divided by r?
15
Suppose 13 = -5*m - 7, -4*a + 3*m + 32 = 0. Suppose -a*r - 476 = -3*h, -5*h + 4*r - 204 = -980. Calculate the remainder when h is divided by 48.
8
Let i = -8 - -69. Suppose u = -0 + 12. Calculate the remainder when i is divided by 9*((-8)/u - -3).
1